147 + 132. Let o be y(p). What is the greatest common factor of 155 and o?
31
Suppose 9*a - 8 = 7*a. Suppose n = -0*y + 5*y + 4, 5*n - a*y = 20. Suppose 144 = n*p - 2*p. Calculate the greatest common divisor of 24 and p.
24
Let i be (-4)/(-2)*-1*(-2880)/1152 + 185. Calculate the greatest common divisor of i and 285.
95
Let k be (60/(-2))/((-5)/5). Suppose -163*a = -165*a + 1140. Calculate the highest common divisor of k and a.
30
Suppose -5*i - 5*b = 0, -i - 3*b = b - 6. Let a(q) = 7*q**2 - q - 1. Let s be a(i). What is the greatest common divisor of 1073 and s?
29
Let p(m) = -9*m + 1. Let x be p(-2). Suppose 0 = -320*y + 530*y - 3990. What is the greatest common factor of x and y?
19
Suppose 0 = -3*p - 15, -p - 94 = -2*y + 3*p. Let f be 1 - -8 - 5785/(-89). What is the highest common factor of f and y?
37
Suppose 1792*s = 1799*s - 91. Suppose 7*f = 3*f + 52. What is the greatest common factor of s and f?
13
Let d be (-4 - -5)/(4/((-1456)/(-4))). Let c = d - 80. Let r(o) = o + 3. Let k be r(8). Calculate the highest common factor of k and c.
11
Let n(d) = d**3 - 7*d**2 + 8*d + 4. Let f be n(7). Let y be (-9 + (-46)/(-6))*(-8 + -1). What is the greatest common factor of y and f?
12
Suppose -3*x - 3*n + 0*n = 216, -n = 3. Let a be (5/(-3))/(1/x). Suppose 5 - a = -5*r - 2*j, -3*r + 47 = 5*j. Calculate the greatest common factor of r and 12.
12
Let d be -2*((-165)/10 + 2). Let t = 30 - d. Suppose r - 7 - 3 = 0. Calculate the highest common divisor of r and t.
1
Suppose l - 67 = -3*v, -l - 4*v = -33 - 38. Let q be (-21 - -11)*5/(-2). What is the greatest common divisor of q and l?
5
Suppose -312 = -3*f - 0*f. Let h be (f/10)/((-4)/(-10)). Calculate the highest common divisor of h and 182.
26
Suppose -5*s + 3*s - 4*n + 72 = 0, 4*n - 150 = -5*s. Let v(c) = c + 10. Let j be v(s). Calculate the greatest common factor of 96 and j.
12
Let r(q) = 66*q - 923. Let k be r(14). Calculate the highest common divisor of k and 281.
1
Let d(u) be the second derivative of u**3/3 + 11*u**2 + 13*u. Let l be d(13). Calculate the highest common divisor of 16 and l.
16
Let g = 134 + -135. Let x be 19/(2/g*(-1)/2). What is the highest common divisor of 152 and x?
19
Suppose -6*b - 2*v = -b - 2801, 0 = 2*b - v - 1115. Let h be 43*(8 - (14 + -7)). What is the highest common divisor of h and b?
43
Let f(v) = v**3 - 3*v**2 + v. Let u be f(0). Suppose -3*m = u, 4*j + 2*m = 120 + 808. Calculate the highest common factor of j and 58.
58
Let t(z) = 195*z + 23. Let b be (-18)/(-45) - (2 - (-36)/(-10)). Let v be t(b). Calculate the highest common divisor of 118 and v.
59
Let x = -1576 - -1589. Calculate the highest common factor of x and 104.
13
Suppose q = 58 - 56. Suppose 0 = -q*g + g - 3, 2*d + 112 = 4*g. Let m = 92 + d. Calculate the highest common divisor of 10 and m.
10
Suppose 0 = o + 3*n - 78, -42 = 3*n - 48. Calculate the greatest common divisor of o and 11556.
36
Suppose 91*y - 731 = 179. What is the greatest common divisor of 3310 and y?
10
Let a be (-92)/6*(-78)/4. Let u = a + -297. Calculate the greatest common factor of u and 27.
1
Let b = 154 + -98. Let y be (3 + 1)*(148 - b). What is the greatest common divisor of y and 16?
16
Let v = -3932 + 3950. Suppose 3*t - 1835 = -161. What is the highest common divisor of t and v?
18
Let p(o) = -4*o + 23. Let r be p(4). Suppose 0 = -k - r*k + 80. What is the highest common factor of 100 and k?
10
Suppose -169*w = -134*w - 5460. What is the greatest common factor of w and 273?
39
Let r(s) = -s**3 - 27*s**2 - 7*s + 1629. Let f be r(0). What is the greatest common divisor of f and 36?
9
Let p(s) = 249*s - 2237. Let y be p(9). What is the greatest common divisor of y and 147?
1
Suppose 0 = 5*v, -u + 0*v = -v - 9. Suppose 2*t = -40*a + 43*a + 567, t - 3*a = 279. Calculate the highest common divisor of t and u.
9
Suppose 0 = -14*q + 7326 - 1726. Suppose 4*o - 18 = 5*f - 2060, -5*o = -f + q. What is the greatest common divisor of f and 82?
82
Suppose -5693*x = -5716*x + 2070. Suppose -3*k + 0*k = -162. Calculate the greatest common factor of k and x.
18
Suppose -40*k + 31*k + 1167696 = 44*k. Calculate the highest common factor of 108 and k.
108
Let u = 473 - 445. Suppose 14*g = u + 28. Calculate the highest common factor of g and 10.
2
Suppose 4*f + 4*y = 8, -3*f = 4*y - 32 + 25. Suppose 4*l - 4 = 60. What is the highest common factor of f and l?
1
Let v(k) = 5*k - 41. Let r be v(27). Let z = r - -26. Let n = -98 + 178. What is the greatest common factor of n and z?
40
Let n = 1137 - -7125. What is the highest common divisor of n and 216?
54
Let s = 7264 - 2956. What is the highest common factor of 66 and s?
6
Let o be (-9)/((-45)/(-100)) - 4. Let u = 21 + o. Let v be u/18*4*-132. What is the greatest common factor of v and 11?
11
Suppose -q + 4488 = 3*q - 340. Calculate the highest common divisor of 17 and q.
17
Let q(d) = -d**3 + 3*d**2 + 15*d + 8. Let w be q(5). Suppose 144 = -w*r + 39*r. What is the greatest common factor of r and 24?
24
Suppose -4*a + 8*l + 45 = 7*l, -3*l - 35 = -2*a. Let v(m) = m**2 - 2*m + 1. Let f be v(4). Let s = 1 + f. What is the greatest common divisor of a and s?
10
Let x(c) = -3*c**3 + 10*c - 12*c**3 + 14*c**3 + 1 + 3 + 8*c**2. Let i be x(9). Calculate the highest common divisor of 351 and i.
13
Let q = 153 + -32. Suppose 5*b - 4*b - 23 = -3*r, 4*r = 3*b - q. What is the greatest common divisor of 15 and b?
5
Let f(n) = 9*n**2 + 4*n - 3. Suppose 0 = -0*s - 3*s - 51. Let u be (1/3)/(s/153). Let b be f(u). Calculate the highest common divisor of b and 44.
22
Let l be (-25 - -275)*(-30)/35*-7. What is the highest common factor of 12300 and l?
300
Let t be 18/243 + (-917996)/(-54). Suppose -6*k = -40*k + t. Calculate the greatest common factor of 25 and k.
25
Let p = 283 - 283. Suppose p = 3*i - d - 86, 5*i - i = -2*d + 128. What is the greatest common factor of i and 20?
10
Let n(k) = 5*k**2 - k. Let q be n(-1). Let v(y) = 1232*y + 8786. Let p be v(-7). Calculate the greatest common factor of q and p.
6
Suppose 0 = -s - 4, 0 = 5*p - 4*s - 6460 - 1236. Calculate the highest common factor of p and 60.
12
Suppose n - 3*n + 36 = 0. Suppose 25 = n*k - 13*k. Let g(o) = 11*o - 24. Let b be g(4). Calculate the highest common divisor of k and b.
5
Let u(q) be the third derivative of -29*q**4/24 - 499*q**3/6 + 311*q**2. Let r be u(-18). Calculate the greatest common factor of r and 46.
23
Suppose q - 4305 = 2*f, 1546 - 5852 = -q + f. What is the highest common divisor of q and 219?
73
Let g be -2 + 24*13 + -1. Let z = g - 195. Calculate the greatest common factor of 190 and z.
38
Suppose -7*s + 64 = -5*s + 5*p, s - 5*p = 17. Suppose 709 = s*a + 61. What is the greatest common factor of 2 and a?
2
Let q(d) = 7*d**2 - 3*d - 1. Let j be q(-1). Suppose 1 = j*p - 8. Let i = 31 + -23. What is the greatest common factor of p and i?
1
Let z(y) = 6*y**2 - 296*y - 173. Let k be z(50). Calculate the greatest common divisor of 360 and k.
9
Suppose -3*w - 7 = -13. Let a = -6 - w. Let u be -9 - a - (-198)/2. Calculate the highest common divisor of 14 and u.
14
Suppose 0 = -186*u + 94*u + 501 + 8331. Suppose 0 = 5*o - 244 - 236. Let p be (2/(-4))/((-4)/o). What is the greatest common divisor of p and u?
12
Let y = -65 - -95. Suppose y*k - 26*k = 220. Let j be 11/k + 69/5 - 2. Calculate the greatest common divisor of j and 4.
4
Let b be (-30)/(-105) - 33/(-7). Suppose 9*o = 11*o - b*s - 4, 4*s = 5*o - 44. What is the highest common divisor of 156 and o?
12
Suppose 0 = -60*x + 23487 + 4413. What is the greatest common divisor of x and 1302?
93
Let v = 267 + -255. Let y be 29655/54 - 2/v. What is the greatest common factor of 61 and y?
61
Let w = 12 + -3. Let k be -7 - -11 - ((-410)/(-20))/(7/(-14)). Calculate the greatest common factor of k and w.
9
Suppose 33*w - 1145 - 848 = -739. What is the greatest common divisor of 931 and w?
19
Let p be (10/3)/((-165)/(-396)). Calculate the highest common divisor of p and 284.
4
Suppose -4312*j + 4392*j - 1920 = 0. Calculate the highest common factor of 13224 and j.
24
Let m(y) = y**3 + 22*y**2 - 26*y - 67. Let x be m(-23). Let s be 6*x/((-6)/(-17)). What is the greatest common divisor of s and 6?
2
Suppose 1300 + 654 = 5*c + n, c + 2*n = 398. Calculate the greatest common divisor of c